3583
What are the prime factors of 1358834?
2, 679417
What are the prime factors of 554486?
2, 53, 5231
What are the prime factors of 13764?
2, 3, 31, 37
What are the prime factors of 4310525?
5, 172421
List the prime factors of 68678.
2, 23, 1493
List the prime factors of 6271105.
5, 29, 61, 709
What are the prime factors of 4016149?
4016149
List the prime factors of 3039181.
3039181
What are the prime factors of 5288784?
2, 3, 110183
List the prime factors of 68910.
2, 3, 5, 2297
What are the prime factors of 18723162?
2, 3, 3120527
List the prime factors of 2883978.
2, 3, 53407
List the prime factors of 4429747.
7, 90403
List the prime factors of 482396.
2, 83, 1453
What are the prime factors of 2217895?
5, 31, 41, 349
List the prime factors of 70135.
5, 13, 83
What are the prime factors of 246297?
3, 19, 29, 149
What are the prime factors of 4233572?
2, 7, 47, 3217
List the prime factors of 1711523.
11, 155593
What are the prime factors of 4082993?
4082993
What are the prime factors of 794699?
17, 46747
List the prime factors of 1442161.
7, 17, 12119
List the prime factors of 2185173.
3, 242797
What are the prime factors of 109385?
5, 131, 167
List the prime factors of 275954.
2, 7, 23, 857
What are the prime factors of 1508182?
2, 13, 19, 43, 71
What are the prime factors of 267879?
3, 89293
List the prime factors of 10649348.
2, 19, 140123
What are the prime factors of 689757?
3, 19, 12101
What are the prime factors of 1100987?
23, 47869
List the prime factors of 584903.
11, 53173
List the prime factors of 369332.
2, 92333
What are the prime factors of 4172024?
2, 521503
What are the prime factors of 6269124?
2, 3, 17, 79, 389
List the prime factors of 14565642.
2, 3, 7, 13, 37, 103
List the prime factors of 1136973.
3, 37, 10243
List the prime factors of 1973642.
2, 11, 283, 317
List the prime factors of 2442713.
7, 13, 17, 1579
List the prime factors of 7054785.
3, 5, 211, 743
List the prime factors of 801120.
2, 3, 5, 1669
List the prime factors of 117980.
2, 5, 17, 347
What are the prime factors of 398472?
2, 3, 16603
What are the prime factors of 8587870?
2, 5, 858787
List the prime factors of 249045.
3, 5, 16603
What are the prime factors of 8749224?
2, 3, 11, 11047
What are the prime factors of 646679?
11, 58789
List the prime factors of 26641949.
3163, 8423
What are the prime factors of 5649113?
29, 131, 1487
List the prime factors of 82162.
2, 41081
What are the prime factors of 1120192?
2, 23, 761
What are the prime factors of 521061?
3, 173687
What are the prime factors of 1258140?
2, 3, 5, 13, 1613
What are the prime factors of 1161399?
3, 101, 3833
List the prime factors of 4871798.
2, 809, 3011
List the prime factors of 195996.
2, 3, 16333
List the prime factors of 107835.
3, 5, 7, 13, 79
List the prime factors of 382539.
3, 29, 4397
List the prime factors of 284034.
2, 3, 47339
What are the prime factors of 1671249?
3, 23, 53, 457
List the prime factors of 1746704.
2, 109169
List the prime factors of 1212296.
2, 151537
What are the prime factors of 10252497?
3, 619, 5521
What are the prime factors of 23435980?
2, 5, 59, 19861
List the prime factors of 1177345.
5, 13, 59, 307
List the prime factors of 10735.
5, 19, 113
List the prime factors of 657414.
2, 3, 36523
What are the prime factors of 959824?
2, 239, 251
List the prime factors of 3769908.
2, 3, 314159
List the prime factors of 986131.
986131
List the prime factors of 1972873.
7, 281839
What are the prime factors of 699138?
2, 3, 11, 107
What are the prime factors of 23314130?
2, 5, 7, 271, 1229
What are the prime factors of 12121969?
17, 761, 937
What are the prime factors of 22270402?
2, 7, 11, 73, 283
List the prime factors of 44978463.
3, 1665869
List the prime factors of 420165.
3, 5, 9337
List the prime factors of 373584.
2, 3, 43, 181
List the prime factors of 395832.
2, 3, 16493
List the prime factors of 196463.
223, 881
List the prime factors of 405961.
313, 1297
List the prime factors of 600411.
3, 7, 28591
What are the prime factors of 5282049?
3, 827, 2129
What are the prime factors of 317938?
2, 71, 2239
What are the prime factors of 527968?
2, 7, 2357
List the prime factors of 1826572.
2, 11, 41513
List the prime factors of 26758.
2, 17, 787
List the prime factors of 192993.
3, 23, 2797
List the prime factors of 1349442.
2, 3, 61, 1229
What are the prime factors of 239357?
239357
What are the prime factors of 21525422?
2, 719, 14969
What are the prime factors of 720304?
2, 13, 3463
List the prime factors of 25442.
2, 12721
List the prime factors of 899852.
2, 23, 9781
What are the prime factors of 23279712?
2, 3, 19, 12763
What are the prime factors of 1460772?
2, 3, 40577
What are the prime factors of 1646569?
17, 96857
What are the prime factors of 1542300?
2, 3, 5, 53, 97
List the prime factors of 559710.
2, 3, 5, 691
What are the prime factors of 8871770?
2, 5, 887177
What are the prime factors of 3754199?
113, 33223
What are the prime factors of 153606?
2, 3, 25601
List the prime factors of 529597.
41, 12917
List the prime factors of 1887297.
3, 157, 4007
List the prime factors of 1268036.
2, 7, 11, 23, 179
List the prime factors of 531951.
3, 7, 73, 347
What are the prime factors of 197286?
2, 3, 131, 251
What are the prime factors of 687912?
2, 3, 28663
What are the prime factors of 536058?
2, 3, 1103
List the prime factors of 175502.
2, 87751
What are the prime factors of 146189?
29, 71
What are the prime factors of 10573186?
2, 13, 406661
List the prime factors of 15990959.
251, 63709
List the prime factors of 251086.
2, 11, 101, 113
List the prime factors of 167392.
2, 5231
List the prime factors of 226960.
2, 5, 2837
What are the prime factors of 620911?
620911
List the prime factors of 177742.
2, 181, 491
List the prime factors of 15223211.
17, 107, 8369
List the prime factors of 338542.
2, 19, 59, 151
List the prime factors of 965533.
965533
What are the prime factors of 8896791?
3, 23, 128939
List the prime factors of 2865213.
3, 13, 907
List the prime factors of 145520.
2, 5, 17, 107
What are the prime factors of 531430?
2, 5, 19, 2797
List the prime factors of 12609118.
2, 179, 35221
List the prime factors of 5371857.
3, 23, 25951
What are the prime factors of 5268244?
2, 19, 103, 673
List the prime factors of 358959.
3, 119653
What are the prime factors of 322334?
2, 161167
List the prime factors of 14612968.
2, 67, 137, 199
What are the prime factors of 3439241?
13, 61, 4337
List the prime factors of 16940448.
2, 3, 7, 2801
What are the prime factors of 1137104?
2, 71069
What are the prime factors of 4876127?
17, 286831
What are the prime factors of 868129?
19, 45691
What are the prime factors of 1455150?
2, 3, 5, 89, 109
List the prime factors of 34012715.
5, 11, 618413
What are the prime factors of 201871?
23, 67, 131
List the prime factors of 14116277.
7, 37, 54503
What are the prime factors of 651908?
2, 79, 2063
List the prime factors of 17840105.
5, 37, 73, 1321
What are the prime factors of 5211521?
7, 744503
What are the prime factors of 652592?
2, 40787
What are the prime factors of 1282180?
2, 5, 64109
What are the prime factors of 639895?
5, 127979
What are the prime factors of 613897?
137, 4481
List the prime factors of 37487959.
31, 43, 28123
What are the prime factors of 6179015?
5, 1235803
What are the prime factors of 69741?
3, 7, 41
What are the prime factors of 4300883?
97, 101, 439
List the prime factors of 348794.
2, 73, 2389
List the prime factors of 181128.
2, 3, 7547
List the prime factors of 1325572.
2, 283, 1171
What are the prime factors of 292832?
2, 9151
What are the prime factors of 342570?
2, 3, 5, 19, 601
List the prime factors of 4139522.
2, 2069761
List the prime factors of 289311.
3, 11, 797
List the prime factors of 3838629.
3, 877, 1459
List the prime factors of 1294875.
3, 5, 1151
What are the prime factors of 13288950?
2, 3, 5, 29531
List the prime factors of 105349.
17, 6197
What are the prime factors of 1133194?
2, 443, 1279
What are the prime factors of 101985?
3, 5, 13, 523
What are the prime factors of 1606824?
2, 3, 43, 173
List the prime factors of 2917023.
3, 29, 33529
What are the prime factors of 1016810?
2, 5, 101681
List the prime factors of 4160948.
2, 11, 8597
List the prime fac